 = -x. What is the units digit of k?
6
Let c = 1167 - 794. What is the tens digit of c?
7
Let m(u) = 5*u**2 + 2*u**3 + 0*u**3 + 3*u - u. Let s be m(-3). What is the units digit of (-4)/10 + (-141)/s?
9
Suppose -3*r = -5*u - 216, 4 = -u + 4*r - 29. Let f be (-10)/u + (-70)/(-9). Let k = f - 4. What is the units digit of k?
4
Let w(k) = 37*k - 29. What is the tens digit of w(6)?
9
Let t = -5 - -8. Let w(j) = -23*j**3 - 3*j**2 + j + 2*j + 24*j**3 - j - 2. What is the units digit of w(t)?
4
Let r = 3 - -25. Suppose 0 = -2*y - 4*z, -2*y + z - r = -6*y. Suppose -2*d = 2*d - y. What is the units digit of d?
2
Suppose 3*o = 5*i + 241, 3*i + 15 + 0 = 0. What is the tens digit of o?
7
Let u(g) = g**3 + g**2 - 2*g + 1. Let x(l) = -l**3 + 4*l**2 + 5*l + 2. Let i be x(5). Suppose i*w - 6 = 5*w. What is the units digit of u(w)?
1
Let u = 111 - 83. What is the tens digit of u?
2
What is the units digit of -1 + 9 - 4/(-4)?
9
Suppose -3*k = 2*k - 115. What is the tens digit of k?
2
Suppose -5*p + 2*c + 92 + 26 = 0, 2*p + c = 49. What is the units digit of p?
4
Let p = -272 + 430. What is the units digit of p?
8
Let u(y) = y**2 + 8*y + 10. Let g be u(-7). Suppose -g*o = -5*j - 35, o - 4*j = -6*j + 8. Let m = -7 + o. What is the units digit of m?
3
Let y = 0 + -2. Let k(d) = -5*d**2 - 2*d + 4. Let j(w) = 1. Let m(r) = 2*j(r) - k(r). What is the tens digit of m(y)?
1
Suppose 6*y - 8 = 2*y. Suppose 3*l = 4*a - 28, -2*l + 4*a - 16 = y*a. What is the units digit of l*((-5)/2 - -2)?
2
Let j = -38 - -116. What is the units digit of j?
8
Suppose -8 = 2*n - 4*d, n - 3*n + 13 = 3*d. Suppose n*q = -v - 3*v + 54, 0 = -2*q + 4*v + 70. What is the tens digit of q?
3
Suppose 5*u = f + 105, 0 = u + 2*f - 19 - 13. What is the units digit of u?
2
Let b = 8 + -4. Suppose -b*w - 3*f = 3 - 36, -27 = -5*w + f. What is the units digit of w?
6
Let b(g) = g**2 - 11*g + 52. What is the units digit of b(17)?
4
Suppose -26*c = -21*c - 205. What is the tens digit of c?
4
Let i(r) = 3*r**3 + 6*r**2 - 8*r - 4. Let a be i(-5). Let t = -79 - a. Suppose d + t = 6*d. What is the tens digit of d?
2
Let h(i) = i - 4. Let c be h(6). Let a = c - -1. Suppose 2*t + 7 = 3*o, -a*t - o = -0*t - 17. What is the units digit of t?
4
Let h(j) = -j + 10. Let k be h(7). Let q be -2 - (k - 1 - 0). Let i(p) = -2*p - 1. What is the units digit of i(q)?
7
Let u be ((-4)/3)/(22/99). Let o = u - -48. What is the units digit of o?
2
Let t = 9 - 24. Let g = 21 + t. Suppose -5*m + 14 = -g. What is the units digit of m?
4
Suppose 21 = 4*k + 9. Let x be (-2*1)/(2 - k). What is the units digit of 8/x*(4 - 2)?
8
Let z = 36 - 60. Let m = z - -46. What is the units digit of m?
2
Let j(p) = 3*p**2 + 1. What is the units digit of j(3)?
8
Let h(b) = -b - b**3 + 1 + 2*b**3 - 6 - 6*b**2. Let n be h(6). What is the units digit of -1 - 1 - (-4 + n)?
3
Let d = 14 - 10. What is the units digit of d?
4
Let h(u) be the first derivative of u**3/3 + 7*u**2/2 + 9*u - 2. Let p be h(-6). Suppose -3*q - 2*v = -20, -4*v + 7 = q - p*v. What is the units digit of q?
6
Suppose 2 = w - 5. Let m(b) = b**2 + b + 8. Let f be m(w). Suppose -g - f = -5*g. What is the tens digit of g?
1
Let f(g) = g**3 - g**2 - 119. Let h be f(0). Let z = h - -183. Suppose 2*v - z = -2*v - y, 0 = -5*v - 2*y + 80. What is the tens digit of v?
1
Let d(k) = 25*k + 4. What is the tens digit of d(2)?
5
Let a be 4 - -2 - 4/2. Suppose a*z + 2*w + w = -5, -5*w - 15 = 0. What is the units digit of z?
1
Let o(n) = n. Let z be o(-9). Let w = -2 - z. What is the units digit of w?
7
Suppose 3*k + 780 = 4*q + q, -3*q + 468 = -5*k. What is the tens digit of q?
5
Suppose -80 = -5*d + 50. Suppose 0 = -5*i - 4*l + 40, 2*i - d = -5*l + 7. What is the units digit of i?
4
Let y be (-12)/(-8) + 2/4. Suppose g - 2*x + 5 = -7*x, 3*x = y*g - 42. What is the units digit of g?
5
What is the tens digit of 221/5 + 2/(-10)?
4
Let k = 2 + 0. Let r be 6 + (0/(-1) - k). Suppose 1 = 5*g - r*o - 1, 6 = -2*g + 5*o. What is the units digit of g?
2
Let f = -7 + 46. What is the tens digit of f?
3
Let p = -1 + 0. What is the units digit of 4/((-1)/p) + -2?
2
Let f be 1/(1/4) - -1. Let k(c) = -c**3 + 4*c**2 + 7*c - 7. Let t be k(f). Suppose 0*g = -t*g + 12. What is the units digit of g?
4
Suppose -3*p - 7 = 5*o - 99, 5*p - 5*o = 220. Let r(w) = -w + 10. Let m be r(8). Suppose -c + p = m*q, c - 5 = -0. What is the units digit of q?
7
Let i = 8 + -5. Let y = i + 6. What is the units digit of y?
9
Let z = -7 - -5. Let p be 0/z - 99/(-3). Suppose x - p = -4*j, -5*j - x = -2*x - 30. What is the units digit of j?
7
Let i = 21 + -18. Suppose -86 = -i*p + 3*g - 2*g, g = -3*p + 94. What is the tens digit of p?
3
Let b = -7 - -5. Let h = b - -7. What is the units digit of h?
5
Suppose 5*s + 3*a + 12 = 0, 3*s = 6*s - a - 4. Let g be 1*(-2 - (2 + s)). What is the units digit of (-18)/g*4/6?
3
Let r be (-1)/((-3)/(-75)) + 0. Let n = -12 - r. What is the units digit of n?
3
Suppose -3*p = -4*i - 5*p - 4, -i + 4*p = -8. Suppose -2*r = -i*r - 110. Suppose 5*w + 15 = r. What is the units digit of w?
8
What is the hundreds digit of 1*3/(12/556)?
1
Let f(q) = -q - 12. Let j be f(-8). Let l = -1 - j. What is the units digit of l?
3
Suppose l = 11 + 33. What is the tens digit of l?
4
Let a(p) be the third derivative of -p**6/120 + 3*p**5/20 - p**4/3 + p**3/3 - 2*p**2. Let h be a(8). What is the tens digit of (1/h)/((-1)/(-22))?
1
Let r(q) = q**2 - 6*q + 6. Let w be r(5). Let n = 1 + w. Suppose 2*p + n*p - 24 = 0. What is the units digit of p?
6
Suppose o + 4 = 3*v, -3*v - 3 + 1 = -4*o. What is the units digit of (11/v)/(7/14)?
1
Let x(v) be the second derivative of 5*v**4/6 - v**2/2 - 2*v. What is the tens digit of x(-2)?
3
Let g be ((-22)/(-4))/(1/2). Let z(u) = -u - 11 + 5*u**2 + g. What is the units digit of z(1)?
4
Let u = 27 + 7. What is the units digit of u?
4
Suppose 0 = 3*c + 2*c - 40. Let l be (-4)/c*(0 + 0). Suppose l = 3*u + 2*u - 20. What is the units digit of u?
4
Let d(z) = -5*z**3 + 9*z**2 - 7*z + 1. Let o(l) = 9*l**3 - 17*l**2 + 13*l - 1. Let a(p) = -7*d(p) - 4*o(p). What is the units digit of a(4)?
1
Let l be 2*-4*3/(-6). Suppose 9 = -3*s - 2*a, 2*s - 14 = 4*s + l*a. What is the units digit of s/((2/(-4))/1)?
2
What is the tens digit of (-651)/(-12) + (-4)/16?
5
Suppose n = -4*n + 30. Let l = n + -4. Suppose 4*o + j = 40, -l*j = -3*o - 7 + 48. What is the units digit of o?
1
Suppose -4*y + 41 + 71 = 0. Suppose 3*j - 26 = y. Suppose -4*m + m = -j. What is the units digit of m?
6
Suppose 0 = 5*x + 20, 5*l - 3*l - 3*x - 170 = 0. What is the tens digit of l?
7
Let u(h) be the first derivative of -h**2 - 2*h - 2. Let d = 11 - 16. What is the units digit of u(d)?
8
Let f(t) = -t**2 - 1. Let i(w) = 8*w**2 - 4*w + 9. Let n(l) = 6*f(l) + i(l). What is the units digit of n(2)?
3
Suppose -4*k = -i - 292, 8*k - 382 = 3*k - 3*i. What is the units digit of k?
4
Let b = -3 + 0. What is the tens digit of 46 - 3/(b/2)?
4
Let q = 8 + 7. What is the units digit of ((-6)/q)/((-6)/15)?
1
Suppose -3*t + 63 = 2*t - w, 3*t + w = 41. Let o be (-26)/3 + (-5)/15. Let k = t + o. What is the units digit of k?
4
Let r = -27 - -60. What is the units digit of 2/6 + r/9?
4
Let a = 73 - 52. Suppose -4*f + 101 - a = 0. What is the units digit of f?
0
Suppose -2*o + 29 = -4*z - o, 4 = -2*z + 4*o. Let v = z - -6. Let s(f) = f**2 - f - 1. What is the units digit of s(v)?
5
Let u(s) = 9*s**3 - s**2 + 4*s + 1. What is the hundreds digit of u(3)?
2
Let x = -14 - -54. What is the tens digit of x?
4
Suppose 5*m - 139 = -2*f - f, 2*f = 4*m + 56. What is the tens digit of f?
3
What is the units digit of (-24)/32 - (-167)/4?
1
Let n = -27 - -13. What is the units digit of (-1)/(-3 + n/(-5))?
5
Let o(w) = -2*w**2 - w + 1. Let c be o(1). Let a = 5 + c. Suppose b = -5*k - a*b + 95, -5 = -b. What is the tens digit of k?
1
Let i = 53 + -29. What is the tens digit of i?
2
Let z(g) = g**2 - 2*g + 3. Let i be z(-3). Suppose -i = f + 5*v, -f + 3*v = -0*f - 14. What is the units digit of f?
2
Let r(t) = -5*t - 4. Let x(i) = 5*i**3 + 2*i**2 + 2*i + 1. Let q be x(-1). What is the tens digit of r(q)?
1
Let s = -1 + 2. Let v = s - -2. What is the units digit of v - 2 - 2 - -8?
7
Suppose -2*z - 2 = -6. Suppose 2*x + z*u + 2*u = 90, 85 = 2*x + 3*u. Suppose 5*h = -4*p +